False
Is 187 a factor of 1563320?
True
Does 12 divide 35376?
True
Is 11 a factor of 102134?
False
Is 11 a factor of 91443?
True
Is 290798 a multiple of 20?
False
Does 357 divide 831810?
True
Does 1023 divide 11667315?
True
Is 11604248 a multiple of 855?
False
Is 1732588 a multiple of 13?
True
Is 739 a factor of 4889914?
False
Does 261 divide 23246226?
True
Does 18 divide 405317?
False
Is 10 a factor of 10007?
False
Is 182098 a multiple of 7?
True
Is 20679440 a multiple of 365?
True
Is 329 a factor of 368920?
False
Is 15550410 a multiple of 34?
True
Does 214 divide 392756?
False
Is 135 a factor of 202365?
True
Is 12575182 a multiple of 474?
False
Is 22 a factor of 1012462?
True
Does 5 divide 172705?
True
Is 980020 a multiple of 38?
True
Does 70 divide 337768?
False
Is 209196 a multiple of 596?
True
Is 153 a factor of 608833?
False
Is 26 a factor of 47455?
False
Does 21 divide 3219405?
True
Does 28 divide 198081?
False
Does 166 divide 304084?
False
Is 4 a factor of 512369?
False
Does 38 divide 346674?
True
Is 201 a factor of 7127304?
False
Is 52 a factor of 2250093?
False
Is 5 a factor of 2895?
True
Does 30 divide 3304859?
False
Does 6 divide 13391?
False
Is 424140 a multiple of 30?
True
Is 23 a factor of 457072?
False
Is 166 a factor of 88810?
True
Does 43 divide 193756?
False
Does 18 divide 3170772?
True
Is 189108 a multiple of 8?
False
Is 70000 a multiple of 20?
True
Does 1418 divide 2991310?
False
Does 72 divide 68986?
False
Is 1146384 a multiple of 24?
True
Is 9022036 a multiple of 41?
False
Does 32 divide 5862464?
True
Does 7 divide 309483?
False
Does 421 divide 1209954?
True
Is 28 a factor of 261915?
False
Does 34 divide 165630?
False
Does 183 divide 454023?
True
Does 216 divide 2624616?
True
Is 29 a factor of 586917?
False
Does 7 divide 11760?
True
Is 521 a factor of 213089?
True
Is 211168 a multiple of 32?
True
Is 9098771 a multiple of 2424?
False
Is 48 a factor of 797605?
False
Is 758 a factor of 15957655?
False
Is 761736 a multiple of 410?
False
Is 137 a factor of 65212?
True
Is 253 a factor of 9867?
True
Does 46 divide 1585049?
False
Is 41 a factor of 2370102?
False
Is 12 a factor of 2395534?
False
Is 4 a factor of 34869?
False
Does 457 divide 1499417?
True
Is 8 a factor of 684441?
False
Is 12 a factor of 197604?
True
Is 1648753 a multiple of 13?
False
Is 529 a factor of 1122641?
False
Does 1474 divide 3270806?
True
Does 13 divide 29893?
False
Is 1265056 a multiple of 104?
True
Is 78420 a multiple of 30?
True
Is 38252 a multiple of 4?
True
Is 34650 a multiple of 14?
True
Does 127 divide 3649587?
False
Is 457730 a multiple of 182?
True
Does 72 divide 2013984?
True
Is 1393388 a multiple of 527?
True
Is 182 a factor of 290825?
False
Is 1082810 a multiple of 10?
True
Is 180 a factor of 1809720?
True
Does 11 divide 148940?
True
Is 39793 a multiple of 5?
False
Is 112 a factor of 926464?
True
Does 40 divide 62840?
True
Is 29 a factor of 8744892?
True
Does 176 divide 2162178?
False
Does 36 divide 2818933?
False
Is 32 a factor of 1580950?
False
Is 10 a factor of 298900?
True
Does 517 divide 11716771?
True
Does 45 divide 364950?
True
Is 93054 a multiple of 26?
True
Is 174328 a multiple of 14?
True
Is 10 a factor of 4333993?
False
Is 174 a factor of 650238?
True
Does 1260 divide 22140720?
True
Does 117 divide 1732887?
True
Is 4019112 a multiple of 1041?
False
Is 4881447 a multiple of 9?
True
Is 108999 a multiple of 27?
True
Is 101 a factor of 261647?
False
Is 3046552 a multiple of 251?
False
Is 636535 a multiple of 20?
False
Does 16 divide 2252971?
False
Is 2 a factor of 919561?
False
Is 17020975 a multiple of 1345?
True
Is 321 a factor of 616641?
True
Is 5140507 a multiple of 18?
False
Is 49937 a multiple of 3?
False
Is 106 a factor of 372678?
False
Does 7 divide 79917?
False
Is 32 a factor of 154621?
False
Is 72 a factor of 3525408?
True
Is 11 a factor of 647845?
True
Is 17 a factor of 94045?
False
Is 36348 a multiple of 5?
False
Is 534820 a multiple of 110?
True
Does 83 divide 2039637?
False
Does 117 divide 318240?
True
Is 555 a factor of 184260?
True
Is 154 a factor of 379610?
True
Does 30 divide 5340390?
True
Is 3 a factor of 40049?
False
Is 1780880 a multiple of 788?
True
Does 9 divide 86697?
True
Is 667 a factor of 4128296?
False
Is 247784 a multiple of 132?
False
Is 111563 a multiple of 22?
False
Is 92819 a multiple of 13?
False
Does 4 divide 3836793?
False
Does 53 divide 931316?
True
Is 214889 a multiple of 369?
False
Does 20 divide 11640442?
False
Is 436 a factor of 1117907?
False
Does 251 divide 235940?
True
Does 280 divide 365722?
False
Does 52 divide 46766?
False
Is 2866502 a multiple of 19?
False
Is 648048 a multiple of 46?
True
Is 401 a factor of 341608?
False
Is 244339 a multiple of 75?
False
Is 1344267 a multiple of 61?
False
Is 23377968 a multiple of 356?
False
Is 42 a factor of 422080?
False
Does 7 divide 35714?
True
Is 191 a factor of 189090?
True
Does 12 divide 67296?
True
Is 85928 a multiple of 184?
True
Is 14896 a multiple of 98?
True
Is 23 a factor of 34622?
False
Does 258 divide 1860973?
False
Is 74920 a multiple of 17?
False
Is 6446720 a multiple of 224?
True
Is 10305022 a multiple of 182?
True
Does 28 divide 31439?
False
Is 37890 a multiple of 6?
True
Is 36311 a multiple of 19?
False
Is 107 a factor of 53695?
False
Is 71 a factor of 12810?
False
Is 696080 a multiple of 112?
True
Does 3 divide 78065?
False
Is 41 a factor of 6372?
False
Does 120 divide 52195?
False
Is 507 a factor of 1020109?
False
Is 3414818 even?
True
Is 22815 a multiple of 27?
True
Does 906 divide 1205886?
True
Is 203 a factor of 374497?
False
Is 2496942 a multiple of 6?
True
Is 25 a factor of 791293?
False
Does 18 divide 109674?
True
Is 187 a factor of 7768167?
True
Does 6 divide 456760?
False
Is 3658782 a multiple of 24?
False
Does 743 divide 818043?
True
Does 326 divide 128661?
False
Does 968 divide 5390796?
False
Is 493 a factor of 8626695?
False
Does 2 divide 275797?
False
Does 523 divide 576869?
True
Is 19 a factor of 109307?
True
Is 40 a factor of 3366800?
True
Is 1366767 a multiple of 27?
True
Is 21842352 a multiple of 21?
True
Does 85 divide 73695?
True
Is 71773 a multiple of 7?
False
Is 20 a factor of 245825?
False
Is 20 a factor of 52380?
True
Is 614259 a multiple of 2?
False
Is 9 a factor of 1267500?
False
Is 752 a factor of 4829344?
True
Does 10 divide 793?
False
Is 147756 a multiple of 595?
False
Is 44 a factor of 1453264?
False
Is 180921 a multiple of 133?
False
Is 46633 a multiple of 18?
False
Is 31178 a multiple of 8?
False
Is 130 a factor of 637520?
True
Is 363121 a multiple of 12?
False
Is 600 a factor of 71400?
True
Is 2106779 a multiple of 330?
False
Is 104 a factor of 2874431?
False
Does 48 divide 358124?
False
Is 687 a factor of 2215575?
True
Does 139 divide 292039?
True
Does 4 divide 237439?
False
Is 243251 a multiple of 112?
False
Is 93 a factor of 1609857?
False
Is 76 a factor of 347320?
True
Is 28 a factor of 1627943?
False
Is 2982426 a multiple of 286?
False
Is 2 a factor of 1852?
True
Is 18979 even?
False
Does 683 divide 1015621?
True
Is 22 a factor of 12091?
False
Does 6 divide 172792?
False
Does 12 divide 2158748?
False
Does 310 divide 3072100?
True
Is 32 a factor of 2579660?
False
Is 41411 a multiple of 2?
False
Is 41 a factor of 275769?
False
Does 274 divide 67678?
True
Is 236440 a multiple of 40?
True
Does 993 divide 8226516?
False
Is 5948361 a multiple of 249?
True
Is 7 a factor of 114331?
True
Is 1214455 a multiple of 332?
False
Is 343362 a multiple of 3?
True
Does 36 divide 368676?
True
Does 1341 divide 5295609?
True
Is 1500705 a multiple of 21?
False
Is 2245453 a multiple of 46?
False
Is 23069 a multiple of 16?
False
Is 298080 a multiple of 60?
True
Is 102 a factor of 8211763?
False
Does 20 divide 9795?
False
Is 5211653 a multiple of 14?
False
Is 274508 a multiple of 4?
True
Is 12 a factor of 48452?
False
Is 150 a factor of 389574?
False
Does 21 divide 353640?
True
Is 28 a factor of 642209?
False
Does 15 divide 1286111?
False
Is 3885328 a multiple of 222?
False
Is 4 a factor of 862989?
False
Is 270480 a multiple of 3?
True
Does 45 divide 868598?
False
Does 15 divide 750286?
False
Does 186 divide 116593?
False
Does 2 divide 121537?
False
Is 17 a factor of 320548?
False
Is 166 a factor of 782856?
True
Is 6 a f